
Calculate the remainder when 119436113 is divided by 69.
11
Calculate the remainder when 5479596 is divided by 1826529.
9
What is the remainder when 7685705 is divided by 4110?
5
What is the remainder when 140576 is divided by 45591?
3803
Calculate the remainder when 345027 is divided by 1015.
942
What is the remainder when 121333 is divided by 30217?
465
What is the remainder when 298949347 is divided by 381?
364
Calculate the remainder when 139522407 is divided by 505.
502
Calculate the remainder when 38649722 is divided by 9662402.
114
Calculate the remainder when 227518 is divided by 56834.
182
What is the remainder when 641703 is divided by 58336?
7
What is the remainder when 252546 is divided by 13252?
758
Calculate the remainder when 219542403 is divided by 149.
141
Calculate the remainder when 27488045 is divided by 12136.
5
Calculate the remainder when 83551409 is divided by 2230.
2229
What is the remainder when 154142 is divided by 10253?
347
What is the remainder when 20228753 is divided by 679?
664
Calculate the remainder when 24209066 is divided by 3458435.
21
Calculate the remainder when 280305 is divided by 121.
69
What is the remainder when 13358620 is divided by 230321?
2
Calculate the remainder when 2381036 is divided by 363.
119
What is the remainder when 23492413 is divided by 23492395?
18
What is the remainder when 356625 is divided by 118803?
216
What is the remainder when 1815823 is divided by 2594?
23
What is the remainder when 36829328 is divided by 273?
263
Calculate the remainder when 5053812 is divided by 283.
281
What is the remainder when 794140 is divided by 489?
4
What is the remainder when 1741039 is divided by 5?
4
Calculate the remainder when 79063511 is divided by 1523.
12
What is the remainder when 3001512 is divided by 750369?
36
Calculate the remainder when 34853 is divided by 175.
28
Calculate the remainder when 368145 is divided by 735.
645
What is the remainder when 48235 is divided by 3829?
2287
What is the remainder when 344669 is divided by 3439?
769
What is the remainder when 2279330 is divided by 1139651?
28
What is the remainder when 752738 is divided by 1961?
1675
What is the remainder when 56569914 is divided by 247?
245
Calculate the remainder when 3299812 is divided by 48526.
44
What is the remainder when 22956 is divided by 1106?
836
What is the remainder when 49853 is divided by 15162?
4367
Calculate the remainder when 25282859 is divided by 47435.
4
What is the remainder when 1186328 is divided by 315?
38
What is the remainder when 773239 is divided by 9913?
25
What is the remainder when 8546560 is divided by 526?
112
Calculate the remainder when 63419 is divided by 21065.
224
What is the remainder when 655485 is divided by 858?
831
What is the remainder when 50648509 is divided by 4?
1
Calculate the remainder when 12927523 is divided by 1615939.
11
What is the remainder when 207860 is divided by 20763?
230
What is the remainder when 37310413 is divided by 8?
5
What is the remainder when 10583837 is divided by 17969?
96
Calculate the remainder when 945278 is divided by 560.
558
Calculate the remainder when 19763071 is divided by 83.
24
Calculate the remainder when 29604289 is divided by 7196.
7141
What is the remainder when 51171928 is divided by 197?
193
What is the remainder when 2684191 is divided by 25?
16
Calculate the remainder when 304386 is divided by 19017.
114
What is the remainder when 31404455 is divided by 470?
465
What is the remainder when 4746495 is divided by 11437?
140
Calculate the remainder when 3726863 is divided by 50363.
1
Calculate the remainder when 316846 is divided by 966.
964
Calculate the remainder when 671620 is divided by 823.
52
Calculate the remainder when 863452 is divided by 3738.
3712
What is the remainder when 3255923 is divided by 193?
13
What is the remainder when 133968415 is divided by 1326?
1309
Calculate the remainder when 375637 is divided by 4486.
3299
Calculate the remainder when 382289 is divided by 127382.
143
Calculate the remainder when 30191283 is divided by 43.
37
What is the remainder when 11762223 is divided by 1682?
1679
Calculate the remainder when 2403932 is divided by 2683.
2647
What is the remainder when 181764304 is divided by 44?
40
What is the remainder when 38691143 is divided by 967278?
23
Calculate the remainder when 540444 is divided by 935.
14
Calculate the remainder when 534186 is divided by 3446.
56
What is the remainder when 808011 is divided by 50452?
779
What is the remainder when 42251 is divided by 824?
227
What is the remainder when 1339281317 is divided by 82?
81
What is the remainder when 2512527 is divided by 628101?
123
What is the remainder when 46320 is divided by 14583?
2571
What is the remainder when 377663 is divided by 18734?
2983
Calculate the remainder when 15131 is divided by 3918.
3377
What is the remainder when 14477891 is divided by 44?
43
What is the remainder when 7069087 is divided by 401?
259
Calculate the remainder when 1171480 is divided by 2776.
8
Calculate the remainder when 100220 is divided by 423.
392
What is the remainder when 61424873 is divided by 61424859?
14
What is the remainder when 163297 is divided by 1580?
557
Calculate the remainder when 1913317 is divided by 3101.
0
Calculate the remainder when 3300516 is divided by 1099697.
1425
Calculate the remainder when 23696241 is divided by 4603.
4600
Calculate the remainder when 182876 is divided by 16360.
2916
What is the remainder when 5713658 is divided by 1904528?
74
What is the remainder when 270206 is divided by 16860?
446
Calculate the remainder when 95950215 is divided by 32.
7
Calculate the remainder when 2463369 is divided by 293.
118
What is the remainder when 7474209 is divided by 585?
249
Calculate the remainder when 6573475 is divided by 10484.
7
What is the remainder when 221448 is divided by 6316?
388
What is the remainder when 7141 is divided by 1599?
745
Calculate the remainder when 27633 is divided by 8948.
789
What is the remainder when 42273133 is divided by 343684?
1
What is the remainder when 2553869 is divided by 24556?
45
What is the remainder when 81766 is divided by 40804?
158
What is the remainder when 904345 is divided by 11304?
25
Calculate the remainder when 1964584 is divided by 6083.
5858
What is the remainder when 158783 is divided by 4950?
383
What is the remainder when 113060 is divided by 56414?
232
Calculate the remainder when 1241755 is divided by 278.
207
Calculate the remainder when 1137822 is divided by 17.
12
Calculate the remainder when 8955901 is divided by 2453.
2451
What is the remainder when 50342 is divided by 12369?
866
Calculate the remainder when 357153 is divided by 7439.
81
What is the remainder when 1415372 is divided by 1334?
1332
Calculate the remainder when 12336910 is divided by 43136.
14
What is the remainder when 18873 is divided by 2347?
97
Calculate the remainder when 28895967 is divided by 24.
15
What is the remainder when 66952570 is divided by 2191?
2183
Calculate the remainder when 18241519 is divided by 230.
219
What is the remainder when 1741049 is divided by 95?
79
Calculate the remainder when 96936 is divided by 47644.
1648
Calculate the remainder when 55125717 is divided by 444.
9
Calculate the remainder when 70692 is divided by 1802.
414
Calculate the remainder when 76389 is divided by 4777.
4734
What is the remainder when 109690 is divided by 13706?
42
What is the remainder when 1722524 is divided by 894?
680
What is the remainder when 12442007 is divided by 1537?
1529
What is the remainder when 490310 is divided by 950?
110
Calculate the remainder when 1998081 is divided by 660.
261
What is the remainder when 2561631258 is divided by 147?
144
What is the remainder when 2046882 is divided by 681903?
1173
What is the remainder when 102195420 is divided by 3291?
3288
Calculate the remainder when 25806 is divided by 1427.
120
Calculate the remainder when 19324 is divided by 9545.
234
Calculate the remainder when 13528940 is divided by 830.
770
Calculate the remainder when 97363 is divided by 32451.
10
Calculate the remainder when 12513026 is divided by 6887.
6234
What is the remainder when 251962 is divided by 77?
18
What is the remainder when 1625475 is divide